0*h, 0 = -4*h + 12. What is the remainder when o is divided by i?
10
Let v = 19 - 30. Let u = v + 17. What is the remainder when 15 is divided by u?
3
Let j be 44/22*(0 - 322). Let r = -455 - j. What is the remainder when r is divided by 64?
61
Let c(i) = 3*i + 15. What is the remainder when 125 is divided by c(9)?
41
Suppose -42*a = 45*a - 38454. Calculate the remainder when a is divided by 12.
10
Suppose -5*x = -4*x + 16. Calculate the remainder when 14 is divided by 60/14 - x/(-56).
2
Let a = 19 - 32. Let o = a - -18. Let p = -1232 - -1241. Calculate the remainder when p is divided by o.
4
Let t(p) = -8*p + 1. Let o be t(-2). Suppose 19 + o = 4*n. Let v = -62 + 105. What is the remainder when v is divided by n?
7
Let z(l) = -l**2 + 21*l + 10. Suppose -6*w + 59 + 37 = 0. What is the remainder when z(w) is divided by 23?
21
Let o(f) = -2*f**3 + f**2 + f + 14. Calculate the remainder when 55 is divided by o(0).
13
Suppose -2*a - 4*d + 0 + 6 = 0, -34 = -4*a + 3*d. Let i be 4/(-4) + (106 - 1). What is the remainder when 6/9 - i/(-6) is divided by a?
4
Suppose 4*k + 22*t - 18*t = 224, -114 = -2*k - 3*t. What is the remainder when 269 is divided by k?
53
Let c(t) = 18. Let b(s) = s + 37. Let q(l) = -2*b(l) + 5*c(l). Let a = -6 + 10. What is the remainder when q(0) is divided by a?
0
Let h = 583 + -542. Suppose -3*y = -5*y - 6. What is the remainder when h is divided by 16 + y + 1*-2?
8
Suppose -406 = -5*c + 3*u - 41, 0 = -5*c - 5*u + 365. Let j = 4 - 1. Suppose -4*i = 3*h - 130, -i - j*i - 22 = -h. What is the remainder when c is divided by h?
35
Suppose t + 37 = 3*t + y, 7 = 2*t - 5*y. Let f be (2/(-2))/1*(-8)/8. Suppose c = -5*w + 230, 0 = -3*c + f + 14. Calculate the remainder when w is divided by t.
13
Let s(u) = u**3 - 7*u**2 + 2*u + 16. Calculate the remainder when 53 is divided by s(7).
23
Let r = -356 + 405. Calculate the remainder when r is divided by 24.
1
Suppose 0 = -2*t - 2*o + 20, t + 0*t - 10 = -5*o. What is the remainder when t is divided by 4?
2
Suppose -7*g + 22 = 1. Let q be (0 - -2)/((-4)/(-6)). Suppose q*t + 2 + 1 = u, -g*t + 33 = 2*u. What is the remainder when 22 is divided by u?
10
Let i = 2 + 5. Suppose 138*y - 152*y + 350 = 0. Calculate the remainder when y is divided by i.
4
Let t(k) = 6*k**2 + 10*k + 10. Let u(p) = p**2 - 1. Let g(y) = t(y) - 5*u(y). What is the remainder when 28 is divided by g(-10)?
13
Suppose -20 - 188 = -2*i - 4*z, -5*z - 580 = -5*i. Calculate the remainder when i is divided by 23.
20
Let t(d) = 4*d + 11. Let g(a) = -a + 1. Let x(l) = -3*g(l) + t(l). Let j be (3/5)/(4/(-120)*-2). What is the remainder when x(j) is divided by 12?
11
Let f(c) = -8*c**3 + 3*c + 2. Let j = 11 - 12. Calculate the remainder when 19 is divided by f(j).
5
Let d = 43 + -28. Calculate the remainder when 44 is divided by d.
14
Let w = 403 + -361. Calculate the remainder when w is divided by 1.
0
Let c(s) = 3*s**2 - 4*s - 9. Let i be c(6). Suppose 275 = 5*y + i. Let l = y + -30. What is the remainder when 38 is divided by l?
8
Let k(m) = -4*m - 175. Let x be k(0). Calculate the remainder when 23 is divided by x/(-20) - 3/4.
7
Let j = 78 - 81. Calculate the remainder when j*((-1)/6 + (-34)/12) is divided by 3.
0
Let f = 7 + -12. Let i = -2 - f. Suppose i*r - 52 = x, x = r - 2*x - 20. Calculate the remainder when 50 is divided by r.
16
Suppose -4*y - x = -137, 4*x - 47 = -59. What is the remainder when y is divided by 28?
7
Let f be (-12)/(-28) - 117/(-21). Suppose -4*b + f*b = 62. What is the remainder when 120 is divided by b?
27
Let n = -949 - -1020. Calculate the remainder when 278 is divided by n.
65
Suppose -4*t = 2*y - 2456, y + 0*t = -4*t + 1224. What is the remainder when 117 is divided by y/42 - 4/(-6)?
27
Calculate the remainder when 64/7*(-196)/(-56) is divided by 9.
5
Suppose 5*c - 5*y - 290 = 0, -2*c + 72 = -4*y - 36. Let u be (4*(-3)/6)/(-1). Suppose p + 21 = u*p. Calculate the remainder when c is divided by p.
20
Let d(t) = 7*t**2 + 23*t + 155. Calculate the remainder when d(-8) is divided by 85.
79
Let n(g) = -51*g**3 - g**2 + g + 2. What is the remainder when 97 is divided by n(-1)?
46
Let t be ((-3)/3 + 4)/1. Let o(r) = 17*r + 2. Calculate the remainder when o(t) is divided by 28.
25
Let v be (-12)/(-9)*-3 + 0. Let i(f) = -f - 1. Let h(k) = k + 2. Let r(q) = v*i(q) - 2*h(q). Calculate the remainder when 13 is divided by r(3).
1
Let g(z) be the second derivative of z**4/6 - 4*z**3/3 + z**2/2 + 10*z. Let w be g(-9). Let j = -117 + w. Calculate the remainder when j is divided by 30.
28
Let k = 289 + -188. What is the remainder when k is divided by 37?
27
Suppose -s - 4*q + 24 = 0, -2*s - 2 = -q - 59. Calculate the remainder when (-10)/25 + 552/5 is divided by s.
26
Let v = 231 - 221. What is the remainder when 96 is divided by v?
6
What is the remainder when 26/533 - 14256/(-246) is divided by 6?
4
Let i = -25 - -47. Suppose -i = -2*v - 6. What is the remainder when 11 is divided by v?
3
Let g = 32 + 25. Suppose 132 = 5*b - 3*x, g = 2*b - 2*x + 5*x. Calculate the remainder when b is divided by 6.
3
Suppose k + 0*k + 384 = 2*m, 2*m + 2*k - 384 = 0. What is the remainder when m is divided by 15?
12
Let u(a) = a**3 - 14*a**2 + 23*a - 3. Let h be u(12). Let s = h + 45. Calculate the remainder when (-1 + 179)/(0 - -2) is divided by s.
29
Let a(u) be the third derivative of -u**6/120 + 7*u**5/60 - 5*u**4/12 + 7*u**3/3 - 4*u**2. Calculate the remainder when 24 is divided by a(5).
10
Let c(d) = 5*d + 8. Let y(a) = a**2 + 3*a + 5. Let u be y(-4). Let z be c(u). Calculate the remainder when (2 + -6)*z/(-4) is divided by 14.
11
Suppose -452 = -25*r + 21*r. What is the remainder when r is divided by 29?
26
Let t = 3981 + -3905. What is the remainder when t is divided by (-16)/(-10)*25/2?
16
Suppose 0 = n - 6*n + 8*d + 94, 0 = 4*n - 4*d - 68. Let s(u) = 7*u + 4. Calculate the remainder when s(5) is divided by n.
11
Let l(a) = -124*a**3 - 2*a**2 - 2*a - 1. Let z be l(-1). Suppose 5*y = z + 22. Calculate the remainder when y is divided by 15.
14
Let w(a) = a**3 + 8*a**2 + 6*a - 1. What is the remainder when 139 is divided by w(-5)?
7
Let c(v) = 3*v + 3. Suppose -2*k - 1 = n - 33, 5*k - 2*n - 71 = 0. What is the remainder when k is divided by c(2)?
6
Suppose 92*j - 65*j - 729 = 0. Let x = -2 - -9. What is the remainder when j is divided by x?
6
Calculate the remainder when 219 is divided by 144/9 + (0 + 1)*1.
15
Calculate the remainder when 57 is divided by 10 - (-1 - -8) - -17.
17
Suppose 6*q = 2*q + 92. Let w be (-2 - 458/(-3))*9/6. Suppose -30 = -3*o + 3*v + 156, 3*o + 5*v - w = 0. Calculate the remainder when o is divided by q.
21
Suppose 0*i = -5*u - 2*i - 37, -u + 5*i = 2. Calculate the remainder when 39 + 3 + u - -2 is divided by 13.
11
Let g(o) = -11*o**3 - 5*o**2 + 15*o + 38. Calculate the remainder when g(-3) is divided by 63.
56
Suppose 4 = n - 3*m - 50, -5*m = 2*n - 86. Let a be (3 - (4 - 1)) + -20. Calculate the remainder when n is divided by (a/(-16))/(2/40).
23
Suppose 5*t - 147 = -4*z, t - 19 - 2 = 2*z. Calculate the remainder when 77 is divided by t.
23
Let w = -110 + 113. What is the remainder when w is divided by 3?
0
Suppose -3*a + 4*x + 333 = 0, 0 = -2*a + 2*x + 279 - 59. Calculate the remainder when 958 is divided by a.
102
Let p = 594 + -411. Suppose 0 = 22*q - 21*q - p. What is the remainder when q is divided by 37?
35
Suppose 0*r + 41 = 2*q + 3*r, 0 = q + 5*r - 17. What is the remainder when q is divided by 9?
4
Suppose -5*p = -5*j + 255, -27 = -p + 4*j - 84. Let m = p + 65. What is the remainder when 44 is divided by m?
12
Let n(v) = v**3 - 17*v**2 + 6*v + 8. Calculate the remainder when n(17) is divided by 59.
51
Suppose 31*l - 410 = -38. What is the remainder when 184 is divided by l?
4
What is the remainder when 15 is divided by (-10)/6 + (-44)/(-12)?
1
Suppose 6*v + 54 = 9*v. Suppose 3*a - 4*m - v = 0, 0 = 2*a - a - 3*m - 1. What is the remainder when 27 is divided by a?
7
What is the remainder when ((-22)/(-4))/(3 + 41/(-14)) is divided by 41?
36
Let i = -40 - -40. Let h(q) be the second derivative of -q**3/3 + 5*q**2/2 - 2*q. Calculate the remainder when 13 is divided by h(i).
3
Suppose 0*w = w - 2. Let r = w + 3. Calculate the remainder when 68 is divided by (7 - r)/(2/23).
22
Calculate the r